387642106.
2, 53, 157, 23293
What are the prime factors of 761710117?
7, 53, 2053127
List the prime factors of 1740533273.
1740533273
What are the prime factors of 10008469?
41, 244109
What are the prime factors of 8589539243?
101, 397, 214219
List the prime factors of 44500905.
3, 5, 988909
What are the prime factors of 98241553?
98241553
What are the prime factors of 67641703?
359, 188417
List the prime factors of 4691162.
2, 7, 47869
What are the prime factors of 1355374034?
2, 7, 96812431
What are the prime factors of 93469988?
2, 1399, 16703
List the prime factors of 147026770.
2, 5, 11, 53, 25219
List the prime factors of 1797149.
181, 9929
List the prime factors of 168508787.
23, 43, 170383
List the prime factors of 116668495.
5, 23333699
What are the prime factors of 2081586090?
2, 3, 5, 1399, 49597
What are the prime factors of 7409901276?
2, 3, 19, 3611063
List the prime factors of 3319729453.
3319729453
List the prime factors of 81044190.
2, 3, 5, 900491
What are the prime factors of 776740673?
2309, 336397
List the prime factors of 217608348.
2, 3, 167, 108587
List the prime factors of 54834364.
2, 13, 59, 61, 293
What are the prime factors of 281430556?
2, 11, 1213, 5273
List the prime factors of 167652096.
2, 3, 17, 12841
List the prime factors of 824664461.
109, 7565729
What are the prime factors of 1155180457?
1155180457
What are the prime factors of 2220840596?
2, 13, 5659, 7547
What are the prime factors of 2647698?
2, 3, 41, 47, 229
List the prime factors of 4417499340.
2, 3, 5, 853, 28771
What are the prime factors of 48510823?
29, 1672787
What are the prime factors of 5804001736?
2, 13, 55807709
What are the prime factors of 569321211?
3, 17, 1493, 7477
What are the prime factors of 673090565?
5, 7, 19231159
What are the prime factors of 152169729?
3, 107, 474049
What are the prime factors of 602427053?
19, 1668773
List the prime factors of 889557871.
889557871
What are the prime factors of 59549966?
2, 7, 1229, 3461
What are the prime factors of 88852526?
2, 7, 6346609
What are the prime factors of 3934957128?
2, 3, 331, 495337
List the prime factors of 4604470943.
21107, 218149
List the prime factors of 829763162.
2, 359, 1155659
What are the prime factors of 45996913?
827, 55619
What are the prime factors of 2428015261?
7, 346859323
What are the prime factors of 232769459?
13, 17905343
List the prime factors of 77894789.
7, 53, 209959
What are the prime factors of 1491688932?
2, 3, 5647, 22013
What are the prime factors of 553478210?
2, 5, 23, 227, 10601
What are the prime factors of 196962059?
7, 43, 103, 6353
What are the prime factors of 458201010?
2, 3, 5, 15273367
List the prime factors of 2698458146.
2, 3457, 390289
What are the prime factors of 256751640?
2, 3, 5, 237733
What are the prime factors of 13080953?
89, 146977
List the prime factors of 3073798.
2, 7, 13, 16889
What are the prime factors of 201817824?
2, 3, 13, 23, 79, 89
List the prime factors of 92771062.
2, 37, 881, 1423
What are the prime factors of 6897160?
2, 5, 269, 641
List the prime factors of 4415397.
3, 7, 210257
What are the prime factors of 40264200?
2, 3, 5, 22369
List the prime factors of 4009109764.
2, 11, 91116131
What are the prime factors of 490964663?
7, 2087, 4801
List the prime factors of 158860418.
2, 79430209
What are the prime factors of 8096560307?
11, 19, 38739523
What are the prime factors of 332186136?
2, 3, 1451, 9539
List the prime factors of 54258103.
2767, 19609
List the prime factors of 30428461.
7, 563, 1103
What are the prime factors of 3172418920?
2, 5, 11, 7210043
List the prime factors of 123670175.
5, 4946807
What are the prime factors of 325424186?
2, 3259, 49927
List the prime factors of 424070854.
2, 212035427
List the prime factors of 45221886.
2, 3, 83, 30269
What are the prime factors of 71187037?
191, 372707
List the prime factors of 15043234.
2, 7521617
What are the prime factors of 1122078?
2, 3, 23, 47, 173
What are the prime factors of 105967539?
3, 11774171
What are the prime factors of 21096177?
3, 7032059
List the prime factors of 1132977310.
2, 5, 113297731
What are the prime factors of 102132929?
89, 1147561
List the prime factors of 19014559.
37, 347, 1481
What are the prime factors of 2899814051?
2899814051
List the prime factors of 245072066.
2, 317, 386549
What are the prime factors of 448426218?
2, 3, 109, 557, 1231
List the prime factors of 2728687516.
2, 2677, 254827
List the prime factors of 47153319.
3, 131, 119983
List the prime factors of 244649542.
2, 41, 2983531
What are the prime factors of 1141411309?
47, 24285347
What are the prime factors of 65781680?
2, 5, 89, 9239
List the prime factors of 267397503.
3, 1367, 65203
What are the prime factors of 85284251?
13, 6560327
What are the prime factors of 12522717?
3, 1391413
What are the prime factors of 71280304?
2, 41, 193, 563
List the prime factors of 284642453.
29, 9815257
What are the prime factors of 186963420?
2, 3, 5, 7, 19, 3347
What are the prime factors of 36210256?
2, 2263141
List the prime factors of 4958952692.
2, 773, 1603801
List the prime factors of 1611991586.
2, 805995793
What are the prime factors of 7635244?
2, 17, 47, 2389
List the prime factors of 227347077.
3, 109, 239, 2909
What are the prime factors of 502478816?
2, 7, 2243209
What are the prime factors of 554485829?
29, 19120201
What are the prime factors of 87265594?
2, 13, 19, 176651
List the prime factors of 1422043916.
2, 677, 525127
List the prime factors of 24096034.
2, 449, 26833
List the prime factors of 31088208.
2, 3, 107, 6053
What are the prime factors of 652950517?
13789, 47353
What are the prime factors of 49946474?
2, 24973237
What are the prime factors of 202589263?
202589263
List the prime factors of 50343951.
3, 7, 1051, 2281
List the prime factors of 39294173.
109, 360497
List the prime factors of 274844013.
3, 91614671
List the prime factors of 57334776.
2, 3, 233, 10253
List the prime factors of 84910839.
3, 13, 373, 449
What are the prime factors of 1947405591?
3, 72126133
What are the prime factors of 117383212?
2, 263, 111581
List the prime factors of 64367644.
2, 11, 17, 7823
What are the prime factors of 72301478?
2, 37, 977047
List the prime factors of 78239470.
2, 5, 107, 73121
List the prime factors of 1017709759.
11, 211, 438479
What are the prime factors of 236927470?
2, 5, 13, 17, 47, 2281
List the prime factors of 264091791.
3, 3467, 25391
What are the prime factors of 44126649?
3, 7, 700423
What are the prime factors of 4271779240?
2, 5, 47, 2272223
List the prime factors of 112229492.
2, 28057373
List the prime factors of 162461957.
7, 151, 153701
List the prime factors of 2904044609.
73, 39781433
List the prime factors of 706466702.
2, 19, 18591229
List the prime factors of 35400576.
2, 3, 92189
What are the prime factors of 7429504?
2, 58043
List the prime factors of 113512281.
3, 17, 821, 2711
What are the prime factors of 100797136?
2, 11, 572711
What are the prime factors of 6395022749?
257, 24883357
List the prime factors of 1794355.
5, 383, 937
List the prime factors of 5647530052.
2, 199, 7094887
List the prime factors of 8897002.
2, 4448501
What are the prime factors of 59173175?
5, 17, 37, 53, 71
List the prime factors of 3641262021.
3, 53, 991, 7703
List the prime factors of 44108522.
2, 157, 140473
List the prime factors of 520815555.
3, 5, 13, 19, 15619
List the prime factors of 184476356.
2, 46119089
What are the prime factors of 259398810?
2, 3, 5, 11, 59, 4441
What are the prime factors of 895995354?
2, 3, 311, 480169
List the prime factors of 1379472432.
2, 3, 13, 241, 9173
What are the prime factors of 1336168108?
2, 11, 17, 733, 2437
What are the prime factors of 26667464?
2, 3333433
What are the prime factors of 22983000?
2, 3, 5, 47, 163
List the prime factors of 161872367.
23, 7037929
List the prime factors of 699335703.
3, 11, 43, 164279
What are the prime factors of 87966797?
37, 2377481
List the prime factors of 49479744.
2, 3, 257707
List the prime factors of 26233637.
26233637
List the prime factors of 327834.
2, 3, 13, 467
What are the prime factors of 696958972?
2, 23, 29, 261229
What are the prime factors of 4717690635?
3, 5, 7, 44930387
List the prime factors of 2701632635.
5, 13, 1361, 3053